

{"id":4174,"date":"2015-11-22T10:31:30","date_gmt":"2015-11-22T16:31:30","guid":{"rendered":"http:\/\/www.customysite.com\/demo\/medirenta\/index.php\/producto\/andadera-plegable-rollator-2\/"},"modified":"2023-05-03T10:53:25","modified_gmt":"2023-05-03T16:53:25","slug":"concentrador-nuvo-lite","status":"publish","type":"product","link":"https:\/\/www.oximedic.com.mx\/index.php\/producto\/concentrador-nuvo-lite\/","title":{"rendered":"Concentrador de Ox\u00edgeno"},"content":{"rendered":"","protected":false},"excerpt":{"rendered":"<p>Un concentrador de ox\u00edgeno es un equipo m\u00e9dico que por medio de la electricidad logra administrar a un paciente una mayor relaci\u00f3n de ox\u00edgeno por volumen,1 para compensar alguna deficiencia (debido a una lesi\u00f3n o enfermedad, por ejemplo) en la captaci\u00f3n de este gas y aumentar la eficiencia de la respiraci\u00f3n.<\/p>\n","protected":false},"featured_media":4176,"comment_status":"open","ping_status":"closed","template":"","meta":[],"product_cat":[111,110],"product_tag":[128,81],"_links":{"self":[{"href":"https:\/\/www.oximedic.com.mx\/index.php\/wp-json\/wp\/v2\/product\/4174"}],"collection":[{"href":"https:\/\/www.oximedic.com.mx\/index.php\/wp-json\/wp\/v2\/product"}],"about":[{"href":"https:\/\/www.oximedic.com.mx\/index.php\/wp-json\/wp\/v2\/types\/product"}],"replies":[{"embeddable":true,"href":"https:\/\/www.oximedic.com.mx\/index.php\/wp-json\/wp\/v2\/comments?post=4174"}],"wp:featuredmedia":[{"embeddable":true,"href":"https:\/\/www.oximedic.com.mx\/index.php\/wp-json\/wp\/v2\/media\/4176"}],"wp:attachment":[{"href":"https:\/\/www.oximedic.com.mx\/index.php\/wp-json\/wp\/v2\/media?parent=4174"}],"wp:term":[{"taxonomy":"product_cat","embeddable":true,"href":"https:\/\/www.oximedic.com.mx\/index.php\/wp-json\/wp\/v2\/product_cat?post=4174"},{"taxonomy":"product_tag","embeddable":true,"href":"https:\/\/www.oximedic.com.mx\/index.php\/wp-json\/wp\/v2\/product_tag?post=4174"}],"curies":[{"name":"wp","href":"https:\/\/api.w.org\/{rel}","templated":true}]}}