

{"id":4177,"date":"2015-11-22T11:40:15","date_gmt":"2015-11-22T17:40:15","guid":{"rendered":"http:\/\/www.customysite.com\/demo\/medirenta\/index.php\/producto\/concentrador-nuvo-lite-2\/"},"modified":"2016-04-22T17:33:46","modified_gmt":"2016-04-22T23:33:46","slug":"ahorrador-oxigeno-electrico","status":"publish","type":"product","link":"https:\/\/www.oximedic.com.mx\/index.php\/producto\/ahorrador-oxigeno-electrico\/","title":{"rendered":"Ahorrador de Ox\u00edgeno El\u00e9ctrico"},"content":{"rendered":"","protected":false},"excerpt":{"rendered":"<p><strong>Ahorrador de Oxigeno El\u00e9ctrico para Tanque.<\/strong><\/p>\n","protected":false},"featured_media":4179,"comment_status":"open","ping_status":"closed","template":"","meta":[],"product_cat":[112,110],"product_tag":[81],"_links":{"self":[{"href":"https:\/\/www.oximedic.com.mx\/index.php\/wp-json\/wp\/v2\/product\/4177"}],"collection":[{"href":"https:\/\/www.oximedic.com.mx\/index.php\/wp-json\/wp\/v2\/product"}],"about":[{"href":"https:\/\/www.oximedic.com.mx\/index.php\/wp-json\/wp\/v2\/types\/product"}],"replies":[{"embeddable":true,"href":"https:\/\/www.oximedic.com.mx\/index.php\/wp-json\/wp\/v2\/comments?post=4177"}],"wp:featuredmedia":[{"embeddable":true,"href":"https:\/\/www.oximedic.com.mx\/index.php\/wp-json\/wp\/v2\/media\/4179"}],"wp:attachment":[{"href":"https:\/\/www.oximedic.com.mx\/index.php\/wp-json\/wp\/v2\/media?parent=4177"}],"wp:term":[{"taxonomy":"product_cat","embeddable":true,"href":"https:\/\/www.oximedic.com.mx\/index.php\/wp-json\/wp\/v2\/product_cat?post=4177"},{"taxonomy":"product_tag","embeddable":true,"href":"https:\/\/www.oximedic.com.mx\/index.php\/wp-json\/wp\/v2\/product_tag?post=4177"}],"curies":[{"name":"wp","href":"https:\/\/api.w.org\/{rel}","templated":true}]}}