

{"id":4210,"date":"2015-11-22T12:52:53","date_gmt":"2015-11-22T18:52:53","guid":{"rendered":"http:\/\/www.customysite.com\/demo\/medirenta\/index.php\/producto\/bateria-inogen-g3-4-5hrs-2\/"},"modified":"2016-04-22T12:12:09","modified_gmt":"2016-04-22T18:12:09","slug":"bateria-inogen-g3-7hrs","status":"publish","type":"product","link":"https:\/\/www.oximedic.com.mx\/index.php\/producto\/bateria-inogen-g3-7hrs\/","title":{"rendered":"Bater\u00eda Grande 9 Hrs Inogen One G3"},"content":{"rendered":"","protected":false},"excerpt":{"rendered":"<p>Cada bater\u00eda tiene una autonom\u00eda de 7 a 8 horas hasta 2LPM. Siempre conectado con alimentaci\u00f3n AC o DC, la bater\u00eda se recarga autom\u00e1ticamente.<\/p>\n","protected":false},"featured_media":4211,"comment_status":"open","ping_status":"closed","template":"","meta":[],"product_cat":[112,111,110],"product_tag":[127,81],"_links":{"self":[{"href":"https:\/\/www.oximedic.com.mx\/index.php\/wp-json\/wp\/v2\/product\/4210"}],"collection":[{"href":"https:\/\/www.oximedic.com.mx\/index.php\/wp-json\/wp\/v2\/product"}],"about":[{"href":"https:\/\/www.oximedic.com.mx\/index.php\/wp-json\/wp\/v2\/types\/product"}],"replies":[{"embeddable":true,"href":"https:\/\/www.oximedic.com.mx\/index.php\/wp-json\/wp\/v2\/comments?post=4210"}],"wp:featuredmedia":[{"embeddable":true,"href":"https:\/\/www.oximedic.com.mx\/index.php\/wp-json\/wp\/v2\/media\/4211"}],"wp:attachment":[{"href":"https:\/\/www.oximedic.com.mx\/index.php\/wp-json\/wp\/v2\/media?parent=4210"}],"wp:term":[{"taxonomy":"product_cat","embeddable":true,"href":"https:\/\/www.oximedic.com.mx\/index.php\/wp-json\/wp\/v2\/product_cat?post=4210"},{"taxonomy":"product_tag","embeddable":true,"href":"https:\/\/www.oximedic.com.mx\/index.php\/wp-json\/wp\/v2\/product_tag?post=4210"}],"curies":[{"name":"wp","href":"https:\/\/api.w.org\/{rel}","templated":true}]}}